Is z a prime number?
False
Let v be 2/(-8) + 5928/32. Suppose -11*l + 6756 = -v. Is l composite?
False
Suppose 0 = 5*n + s - 15, -3*n + s = -0*s - 1. Is ((-152)/20)/(n/(-15)) prime?
False
Let i be (-12)/(-9)*6/2. Suppose -i*c - 6*h = -2*h - 3280, -c - 4*h + 835 = 0. Is c a composite number?
True
Let v(u) = u**3 + 10*u**2 + 7*u - 5. Suppose 2*x = -6, 2*y + x + 3 = -0. Let o = y - 9. Is v(o) a prime number?
True
Let d = 10434 + 7313. Is d composite?
False
Suppose 3*k + 50094 = -4*d + 205691, -d + 4*k = -38923. Is d a prime number?
True
Let q(k) = k + 2. Let b be q(4). Let m(p) = -p**3 + 9*p**2 - 8*p - 5. Let w be m(b). Suppose j = 2*j - w. Is j a prime number?
False
Suppose -2*g + 10 = 2*k, -3*g + 14 + 1 = -5*k. Suppose -2*s - 996 = -4*m, m - s - 196 - 51 = k. Is m composite?
False
Suppose 4*y - 190 = u - 3*u, 0 = u + 3*y - 93. Suppose -2*v + u = l - 96, 5*v - 450 = 5*l. Is v a composite number?
True
Suppose 7 + 1 = -4*k, 0 = w - 3*k - 2380. Suppose -3*g = -w - 278. Suppose -5*q = -q - g. Is q composite?
True
Suppose a - 4*x - 19217 = -2*a, a - 6399 = 3*x. Is a a prime number?
False
Suppose 486252 = 15*m + 102237. Is m a prime number?
True
Let q(i) = 11788*i**2 + 2*i + 3. Is q(-1) a prime number?
True
Let d(u) = -1912*u + 671. Is d(-11) prime?
False
Suppose -751 = 2*m + 589. Let h = 401 - 854. Let c = h - m. Is c composite?
True
Suppose j = -4*k - 656, -906 = 2*j - 5*k + 354. Let u = -333 - j. Is u prime?
True
Suppose 8*f + 48*f = 1463896. Is f a prime number?
True
Suppose 4*m - 14598 = 2*a - 2488, -5*a - 3032 = -m. Is m a prime number?
False
Let n(h) = -1 - 2*h**2 + 3*h + 20 - h**3 - 4 + 4*h. Is n(-7) a prime number?
True
Let q be 52*(-1)/(-3)*402/(-8). Let d = q + 1538. Is d composite?
True
Let n = -836 + 106. Let a = 1109 + n. Is a composite?
False
Let o = -18379 + 81632. Is o prime?
False
Let q(t) = -429*t + 23. Is q(-8) prime?
False
Suppose -3*b - 1338 = -9*b. Is b prime?
True
Suppose -3*d - 5*m - 5 = -32, 0 = 2*d - 2*m - 18. Is 78/d*66/4 composite?
True
Suppose 9448 = 4*p + 4*q, 3 + 5 = -4*q. Suppose -3*l + b + 9 = 2*b, 0 = 3*l + 3*b - 15. Suppose 2*w + l*w = -4*z + p, -4*z + 603 = w. Is w a prime number?
True
Let n(t) = t**2 - 15*t - 5. Suppose 8 = -z - 2*d, -2*z + 3*z - 2*d + 28 = 0. Is n(z) a composite number?
True
Let c = 6552 + -3851. Is c a composite number?
True
Let w = 11959 - 3350. Is w a prime number?
True
Let a = -21 - -17. Let k(q) = 16*q**2 + 6*q + 3. Is k(a) composite?
True
Suppose -6*m + 7*m = 3371. Is m a composite number?
False
Let i be 1 - 3 - 0/(-2). Is -2*(-3 + 3 + i) prime?
False
Let r(p) = -p**2 + 5*p + 5. Let b be r(5). Suppose b*k - 7405 = 6*c - 11*c, -2*k = 0. Is c prime?
True
Let g be (-9)/6 - 15/10. Is 1138 - ((-4 - -4) + g) prime?
False
Suppose -5*m + 105 = 2*m. Is (-10)/(-75) + 6763/m composite?
True
Let p = -10304 + 17587. Is p prime?
True
Let d be -3*-67*(-4)/6. Let n = -184 + 112. Let r = n - d. Is r a prime number?
False
Let b(d) = -4*d**3 + 11*d**2 + 14*d + 25. Is b(-16) prime?
True
Is (-3)/((-6)/(-46196))*12/(-24) prime?
True
Let v = 3654 - 1976. Is v prime?
False
Let f(w) = -8*w**2 + 188 + 67*w**2 + 16*w - 192. Is f(9) a composite number?
False
Let k = 595 + -418. Suppose y - 1947 - k = 0. Is (2/(-1) + y)/2 prime?
True
Let z(o) = -6 - 6 + 2*o + 15 + 15*o**2. Let a(n) = -n**2 - 6*n + 14. Let x be a(-8). Is z(x) a composite number?
False
Suppose -40 = -6*d - 4. Is ((-1095)/9)/(3 - 20/d) a prime number?
False
Let f be (8 - 3) + (-1 - 2). Let m(k) = 3 + 2*k - 5 + 0 - 1 + k**f + 4*k**3. Is m(2) composite?
False
Let a(n) = 14*n**2 + 5*n - 76. Is a(-15) a composite number?
False
Suppose 4*i + 10 = 42. Suppose -i*h = -5*h - 9. Suppose -h*f + 914 = -217. Is f prime?
False
Suppose -x - 4 = 15. Let m = x + 21. Is (1948/(-8))/((-1)/m) prime?
True
Suppose 8*x = -7 + 95. Suppose 6*b = x*b - 4965. Is b a prime number?
False
Suppose 4*l + 16 = 6*l. Let m(q) = l*q - 8 + 0*q - q. Is m(13) prime?
True
Suppose -2*m - s + 3622 = 4*s, 2*s = 3*m - 5395. Is m composite?
False
Suppose 0 = -a + y - 5*y + 434, -5*a + 2170 = -2*y. Suppose -g + 65 = -t, -4*g + 3*t - 172 = -a. Is g composite?
False
Let k(u) = u**3 + 3*u**2 - 5*u + 1. Let i be k(-4). Let r = i - 2. Suppose 0 = -4*c + 12, r*c - 304 = -t - 4*t. Is t a composite number?
False
Suppose -11*z + 3*z - 552 = 0. Let t = z - -278. Is t composite?
True
Suppose -4*b - 21 = -9. Let a(k) = -20*k**3 - k**2 + k - 7. Is a(b) a prime number?
True
Suppose -j + 398 = -5*m, -2*m = -5*j - 5*m + 2074. Is j prime?
False
Let m = -22168 + 32069. Is m prime?
True
Suppose -3*h = 4*k - 9, -3*h = h + 4. Is 773/k + (-26)/39 a composite number?
False
Let j(g) = 2*g**3 + 15*g**2 + 7*g + 3. Let r be j(-7). Suppose -5*f + 67 = -r*c, -3*c + c - 8 = 0. Is f composite?
False
Let r(n) = -21*n**3 - n + 13. Is r(-4) a composite number?
False
Let d be (3 + 6*316)*(-2 - -3). Suppose -3*v + 0*v = -d. Is v prime?
False
Let d be (6 + -5)*9 + -1. Suppose -177 = d*l - 1337. Is l composite?
True
Suppose -6*v = 2875 - 72493. Is v prime?
False
Suppose j + 2*g - 13 = -0*j, -10 = -2*g. Suppose -r = -j*v + 8 - 0, -5*v = 4*r - 2. Is (v - 6/4)*502 composite?
False
Suppose -22726 - 11554 = -8*a. Is a a composite number?
True
Suppose 5*w + 2*c = 7725, -4*w = -w + 3*c - 4644. Is w a composite number?
False
Let q be (-6)/16 + (-2541)/(-56). Let z = q + -33. Suppose 2140 = -8*b + z*b. Is b a composite number?
True
Suppose 25*m - 30418 = 112107. Is m composite?
False
Suppose 1914 - 21876 = -9*m. Is m prime?
False
Suppose 0 = -3*w + 6. Let l be 0 - 3 - (-2 + -6). Suppose -w*m + 36 + 42 = 4*f, -4*f - 167 = -l*m. Is m a prime number?
False
Let b be (-2)/(-6) + 16/6. Suppose -5*f = -2*j - 16, 2*f = -j - b + 13. Suppose -j*v + 39 = -85. Is v a prime number?
False
Let y(g) = -93*g + 76. Is y(-17) a composite number?
False
Suppose -2*d + 5*g = -581 + 152, g - 399 = -2*d. Suppose -2*h + n + 47 = 0, 2*h - 3*n = 42 - 1. Let a = d - h. Is a composite?
True
Let d = -55 + 58. Suppose -r + 127 = -d*n, -5*r + 0*n - n = -635. Is r a composite number?
False
Let i be -5*(3 + (-9)/5). Let l(d) = -52*d - 9. Let t be l(i). Suppose -h = -2*h + t. Is h prime?
False
Suppose 2*g + 1514 = -2*z + z, -3*z = -5*g - 3796. Let w = -221 - g. Is w a composite number?
True
Let j = 42330 + -14397. Is j composite?
True
Let g(w) = w**3 + 2*w + 2591. Let c be -3 - ((-20)/6 + 2/6). Is g(c) a composite number?
False
Suppose -n + r = -4*r - 5757, 4*n - 4*r = 23028. Suppose 0 = -4*i - y + n, 0 = -5*y + 3 + 2. Is i a prime number?
True
Suppose -9*l = -3*l. Let r = l - -3. Suppose 1348 = 5*m - 3*q, r*m - 4*q - 803 = -8*q. Is m composite?
False
Suppose -4*a + 0*l + 5*l = -1, 0 = 2*a - 4*l + 4. Suppose 2*f - 14 = -w, a*f - 5*w = 5*f - 16. Is (106/(-3))/(f/(-9)) composite?
False
Let n be -26*2*(-2)/8. Let y(t) = 6*t**2 - 10*t + 23. Is y(n) a prime number?
True
Suppose 0 = f - 2*c - 798, -3*f - 5*c - 3201 = -7*f. Let h = f - 551. Is h composite?
True
Suppose 5*v - 5*x = -0*x + 25, 2*v = -x + 4. Suppose 2 + v = a, k = -5*a + 776. Is k prime?
True
Let t be (22/4 + -3)*4. Suppose -5*h = -t*h - 3*c + 6594, -5*h + 3*c + 6576 = 0. Is h a composite number?
True
Let x = -21 - -29. Let n = -7 - -11. Suppose 4*k - 14 = -w + x, 0 = n*w + 4*k - 136. Is w prime?
False
Let l(y) = -y**3 - 2*y**2 + 4*y + 12. Let x be l(-4). Is (-12)/x - 9344/(-14) a prime number?
False
Let s(m) be the second derivative of -2*m**4/3 - m**3/6 - m**2/2 + 5*m. Let t be s(-1). Let c(z) = -7*z - 3. Is c(t) a composite number?
False
Is 4986060/260 - 14/91 a prime number?
False
Let c be 3*1 + (-11 - 1629). Let v = c + 3690. Is v prime?
True
Let c(r) = 3*r**2 + r + 1. Let t be c(-1). Suppose -6 = -3*d - t. Is ((-9328)/48)/(d/(-3)) a composite number?
True
Suppose -5*p + 8516 = -12489. Is p prime?
True
Let q(y) = -6522*y - 35. Is q(-3) a prime number?
True
Suppose 24459 = 13*s - 722. Is s a composite number?
True
Let q be 4/(-6) + (-86)/(-3). Is 10/(q/13 + -2) composite?
True
Suppose 4*c + d - 6*d = 84, 2*c - 42 = -4*d. Let t be (c/15)/((-5)/(-25)). Suppose -2*y = -t*y + 3935. Is y a prime number?
True
Is ((-1116)/(-3) - -1)/((-5)/(-115)) composite?
True
Suppose -5*k + 74605 + 74980 = 0. Is k composite?
False
Let y = -3762 - -6701. Is y a composite number?
False
Suppose 11*s = 12*s + 521. Let k = 3264 + s. Is k a